122
1c22f2 (base 16) to base 11
104a432
Convert 22103103 (base 4) to base 9.
63783
-13450 (base 11) to base 9
-28263
Convert -111203100 (base 6) to base 14.
-3a9084
169792a (base 12) to base 9
8721367
Convert -2044434330 (base 5) to base 2.
-10000011000111000010111
Convert -829790 (base 11) to base 15.
-1b43ca
-1f8419 (base 16) to base 12
-837335
18890 (base 14) to base 5
3441222
Convert 1110110011011011110010 (base 2) to base 11.
2210690
44135 (base 14) to base 13
5a084
-1123111414 (base 6) to base 7
-210651520
Convert -115228 (base 11) to base 6.
-3525243
What is -2251405 (base 8) in base 11?
-388125
What is -11ac04 (base 13) in base 10?
-423856
-553665 (base 9) to base 8
-1206036
Convert 112031123 (base 4) to base 15.
1be4b
Convert 4f10e (base 16) to base 15.
65e54
What is 2a3c0 (base 13) in base 7?
451344
What is 110110110011100010000011 (base 2) in base 11?
8123034
What is -1000110000001001000010 (base 2) in base 4?
-20300021002
What is -250060 (base 7) in base 9?
-68564
What is 20200122120 (base 3) in base 5?
13203234
What is -45528 (base 12) in base 15?
-1c55b
What is 7a8a99 (base 16) in base 3?
120010000021202
Convert 13011033 (base 5) to base 4.
132231020
-1111111000100100101 (base 2) to base 14
-d7977
-43135135 (base 6) to base 4
-10312223003
What is -2320401041 (base 5) in base 4?
-110001000231
11020200222 (base 3) to base 16
146a2
9926636 (base 10) to base 16
9777ec
457110 (base 9) to base 8
1027422
What is -113400 (base 7) in base 11?
-14396
What is 16aa54 (base 11) in base 8?
1002464
116d22 (base 15) to base 7
10040114
-243432100 (base 5) to base 6
-40432255
Convert da614 (base 14) to base 4.
2000322222
-3424541 (base 8) to base 12
-389115
What is -277283 (base 14) in base 8?
-5150463
Convert 1257387 (base 10) to base 11.
78976a
Convert c810c (base 13) to base 6.
11420533
What is -101453133 (base 6) in base 8?
-6566321
Convert -31252441 (base 8) to base 14.
-c4c241
Convert -8bc78 (base 13) to base 12.
-10353a
4bb748 (base 16) to base 6
254204440
3c976e (base 15) to base 5
1221331204
-6d7b4c (base 14) to base 7
-43566325
461471 (base 8) to base 10
156473
What is 445888 (base 9) in base 6?
5415125
Convert -87c1b (base 14) to base 11.
-205132
What is 97c6b5 (base 16) in base 5?
10021244210
Convert -223410443 (base 6) to base 14.
-7871a3
Convert 101110100111111011000 (base 2) to base 13.
416508
Convert -23302133 (base 4) to base 3.
-2110020102
Convert 18dcd2 (base 15) to base 3.
2021112101022
What is 1201222133 (base 4) in base 10?
400031
-1000110100001110010111 (base 2) to base 9
-4312157
15022655 (base 7) to base 16
15a18a
34411 (base 12) to base 9
115554
What is -81921 (base 12) in base 8?
-511751
What is 142453346 (base 7) in base 16?
8f0bfa
Convert -1387c (base 16) to base 5.
-10024441
c94d35 (base 16) to base 15
1258d51
-102414234 (base 5) to base 4
-1222111301
11301114 (base 5) to base 15
20909
Convert 10266061 (base 7) to base 15.
123ce4
-eab1 (base 16) to base 11
-4115a
What is -593302 (base 10) in base 9?
-1103764
What is -802507 (base 11) in base 13?
-362c12
Convert -33000310002 (base 4) to base 3.
-21101221110220
Convert 8617120 (base 9) to base 11.
2674295
-65743 (base 10) to base 3
-10100011221
Convert 516323 (base 7) to base 14.
2444a
-4443314130 (base 5) to base 8
-45131023
What is -5267601 (base 9) in base 12?
-b40117
-101220202022 (base 3) to base 5
-23333444
Convert 10100111001110111 (base 2) to base 7.
504426
What is -110221202121010 (base 3) in base 11?
-398237a
What is 1626064 (base 7) in base 12?
aa531
What is 203322000 (base 4) in base 10?
147072
-7fcbd (base 16) to base 4
-1333302331
What is -5a29 (base 13) in base 14?
-48bc
What is 35599 (base 12) in base 9?
118300
What is 1c5d5a (base 14) in base 15?
150bc9
2f3e (base 16) to base 2
10111100111110
What is -11010000101110000 (base 2) in base 3?
-12102120221
-6233717 (base 8) to base 15
-229a42
-1112020201 (base 4) to base 6
-11321201
Convert -204533 (base 7) to base 14.
-cbc3
What is 57651532 (base 8) in base 15?
117a294
Convert -2462486 (base 11) to base 10.
-4278412
What is -12210201121101 (base 3) in base 10?
-3084841
Convert 415142 (base 14) to base 5.
1031004221
What is -29b864 (base 15) in base 12?
-8111aa
-111111100110001101111 (base 2) to base 13
-57c70c
Convert 14205714 (base 8) to base 5.
1310324114
Convert -1070854 (base 9) to base 7.
-4625215
Convert -6cc2a (base 14) to base 16.
-40e56
What is 1101101011101110110010 (base 2) in base 7?
42326465
Convert -b3716 (base 12) to base 11.
-150046
Convert -1010022120012 (base 3) to base 8.
-2215374
1623fa (base 16) to base 10
1451002
What is -47510613 (base 8) in base 4?
-213221012023
What is -1213421231 (base 5) in base 3?
-12101222110010
What is bba56 (base 13) in base 11?
212581
Convert 2a3824 (base 13) to base 6.
34113025
Convert -22388 (base 12) to base 6.
-550252
Convert -69dd06 (base 15) to base 5.
-2243334211
Convert -6500222 (base 7) to base 6.
-24533335
-2008875 (base 9) to base 10
-1069430
-161046 (base 9) to base 15
-1e5c6
260a9 (base 11) to base 9
56251
What is 2021323 (base 6) in base 8?
273763
-32022044 (base 5) to base 15
-5424e
What is -210323132 (base 5) in base 10?
-870417
-5122016 (base 7) to base 15
-c0d88
Convert 2ae246 (base 16) to base 10.
2810438
c3c2 (base 14) to base 10
33686
Convert -125612553 (base 7) to base 6.
-445412040
Convert -3555b (base 14) to base 9.
-217326
Convert 6760153 (base 8) to base 6.
103053551
-21100213 (base 4) to base 9
-57021
83825c (base 16) to base 14
1204c56
What is -1142040 (base 5) in base 9?
-32461
Convert -214132420 (base 5) to base 10.
-927235
-11393 (base 10) to base 13
-5255
2bb728 (base 12) to base 13
20160b
What is 3121302 (base 4) in base 16?
3672
-662aa8 (base 11) to base 5
-232330032
Convert -27c1f (base 16) to base 14.
-434bd
-1022434 (base 5) to base 4
-10031130
Convert 23322012 (base 4) to base 2.
1011111010000110
What is -189b2 (base 15) in base 3?
-11001111012
Convert 81254 (base 10) to base 2.
10011110101100110
-15554525 (base 6) to base 12
-22ba45
-131002130311 (base 4) to base 3
-112022201222211
What is 1203633 (base 8) in base 12?
13a90b
What is 120103412 (base 5) in base 11?
346649
38872 (base 9) to base 10
26228
What is -20251214 (base 7) in base 8?
-6352745
Convert -3c7ae2 (base 15) to base 13.
-7ac40b
Convert -13410342 (base 6) to base 7.
-3563030
What is -331476 (base 9) in base 4?
-300111000
What is -249972 (base 11) in base 4?
-1200021111
-341211 (base 11) to base 13
-1603a6
What is -3100221202 (base 4) in base 7?
-10156423
What is -20000301131 (base 4) in base 8?
-10006135
What is 11207d (base 14) in base 10?
581839
Convert -21020153 (base 7) to base 3.
-10022220110122
Convert 11ba7 (base 14) to base 10.
43463
-42124232 (base 5) to base 6
-11250152
What is 74010 (base 12) in base 15?
300d6
What is 100122220210 (base 3) in base 9?
318823
Convert -122212222121 (base 3) to base 14.
-9245a
Convert 534432 (base 7) to base 13.
33339
What is -10395d (base 15) in base 2?
-10111100011000011101
What is 15121145 (base 6) in base 8?
1777131
Convert -103321402 (base 6) to base 7.
-21455351
What is -2300204240 (base 5) in base 14?
-965185
1100100001111111 (base 2) to base 3
2121102000
Convert -26e06 (base 15) to base 13.
-4497c
Convert -43030461 (base 7) to base 6.
-210155133
Convert -146b60 (base 13) to base 11.
-312172
Convert 21101122 (base 3) to base 13.
25b8
210224432 (base 5) to base 10
867492
Convert 825350 (base 13) to base 2.
1011100101111100101111
Convert -1402552 (base 6) to base 12.
-39458
Convert -2511242 (base 9) to base 5.
-322144432
Convert 24836 (base 11) to base 8.
105435
10012001020 (base 3) to base 16
f507
10562744 (base 8) to base 10
2287076
Convert -204351 (base 6) to base 16.
-40ab
What is 2030331211 (base 4) in base 9?
1070014
Convert -101000111101001001 (base 2) to base 8.
-507511
What is 41046a (base 15) in base 2?
1011110010001011100101
Convert -23230200010 (base 4) to base 10.
-3065860
What is -2501531 (base 6) in base 7?
-1061416
Convert 6974cb (base 13) to base 6.
125334501
Convert -19e21 (base 15) to base 3.
-11021110211
Convert 12081846 (base 9) to base 4.
112200113232
What is 226024 (base 8) in base 6?
1351352
What is -11100110010100010000 (base 2) in base 13?
-270515
20450231 (base 8) to base 9
815353